osite number?
False
Is 2545622 composite?
True
Is 82708037 a prime number?
False
Is 38421529 a composite number?
False
Is 118109918 a composite number?
True
Is 322572031 composite?
True
Is 51252373 a composite number?
False
Is 17776673 prime?
False
Is 1874707 a composite number?
True
Is 173250143 composite?
True
Is 54705923 prime?
False
Is 1766603 a composite number?
False
Is 95395 prime?
False
Is 214730585 a prime number?
False
Is 181764413 prime?
True
Is 3675229 composite?
False
Is 57685723 a prime number?
True
Is 3000709 a composite number?
False
Is 181776295 a composite number?
True
Is 20635 a prime number?
False
Is 116461743 prime?
False
Is 1369097 a composite number?
False
Is 170447501 composite?
True
Is 33085229 composite?
True
Is 6129257 composite?
False
Is 13099463 a composite number?
True
Is 815593 prime?
False
Is 76615241 prime?
True
Is 11733593 a composite number?
True
Is 11568373 prime?
True
Is 16812197 prime?
False
Is 17015701 a composite number?
False
Is 216082199 prime?
False
Is 48360131 a prime number?
False
Is 17340611 prime?
False
Is 2126249 composite?
False
Is 76309 composite?
True
Is 51519527 composite?
False
Is 38659011 composite?
True
Is 24594509 prime?
True
Is 1755487 a composite number?
False
Is 637397 prime?
False
Is 14659027 composite?
True
Is 22700635 composite?
True
Is 4059593 prime?
True
Is 1418603 composite?
True
Is 296613211 a composite number?
False
Is 34856677 composite?
False
Is 307301063 a composite number?
False
Is 65641957 a prime number?
True
Is 90196511 a composite number?
False
Is 25028345 prime?
False
Is 4221647 composite?
True
Is 265189 prime?
False
Is 4648931 a composite number?
True
Is 545525317 prime?
True
Is 83582039 composite?
False
Is 10378691 a composite number?
False
Is 185739901 a composite number?
False
Is 1186691 composite?
True
Is 24005354 a prime number?
False
Is 42932399 a prime number?
True
Is 373903 a composite number?
False
Is 912727 a composite number?
False
Is 358366235 composite?
True
Is 1236739 prime?
False
Is 7755887 a prime number?
False
Is 18477871 a prime number?
False
Is 937499 a composite number?
True
Is 250355197 prime?
True
Is 50740649 prime?
False
Is 17958913 a composite number?
True
Is 5665937 a prime number?
True
Is 397755869 prime?
False
Is 10100567 prime?
False
Is 1463699 a prime number?
False
Is 3609589 a composite number?
True
Is 27427577 a composite number?
True
Is 2679073 composite?
False
Is 12530357 a composite number?
True
Is 2779859 a prime number?
True
Is 269140541 a prime number?
False
Is 1090501 a composite number?
True
Is 28939133 composite?
False
Is 30601271 prime?
True
Is 773490799 prime?
False
Is 62663213 prime?
True
Is 177740879 prime?
True
Is 79258849 a prime number?
True
Is 30114241 a prime number?
False
Is 18629183 a prime number?
False
Is 53977571 a prime number?
False
Is 290168623 prime?
True
Is 50436359 a composite number?
False
Is 23901001 composite?
True
Is 8756299 prime?
True
Is 1932818 prime?
False
Is 5621731 a prime number?
True
Is 16732979 a prime number?
False
Is 62938 composite?
True
Is 145561 a prime number?
False
Is 17881403 composite?
False
Is 369877247 composite?
False
Is 91518359 composite?
True
Is 3932861 a composite number?
False
Is 2389657 composite?
False
Is 1625497 prime?
True
Is 602219 composite?
True
Is 22249321 prime?
False
Is 325571 prime?
True
Is 119313767 prime?
False
Is 3045169 prime?
True
Is 51659897 a prime number?
True
Is 30023647 a composite number?
True
Is 26871109 composite?
False
Is 8955103 a composite number?
False
Is 49355 a composite number?
True
Is 6536293 a composite number?
False
Is 286370381 a prime number?
False
Is 360083599 prime?
True
Is 24591191 composite?
True
Is 28925569 prime?
False
Is 365030287 a composite number?
False
Is 555747859 composite?
True
Is 3999121 prime?
False
Is 4748683 a prime number?
True
Is 4773119 a composite number?
True
Is 18904429 a prime number?
False
Is 8486039 a prime number?
True
Is 814540913 composite?
True
Is 4786291 prime?
True
Is 68499569 composite?
False
Is 19217609 prime?
True
Is 1937479 a composite number?
True
Is 86503801 prime?
True
Is 9610421 a composite number?
True
Is 11676517 a prime number?
True
Is 2034077 prime?
False
Is 6243059 prime?
False
Is 5748023 composite?
True
Is 409247309 a composite number?
False
Is 12829631 prime?
False
Is 2260717 composite?
False
Is 1742542 prime?
False
Is 53360413 a composite number?
False
Is 1283207 a prime number?
True
Is 298378783 a composite number?
False
Is 35946181 a prime number?
True
Is 507743 a composite number?
False
Is 2487007 prime?
False
Is 355457 a composite number?
False
Is 37993849 prime?
True
Is 7859269 composite?
True
Is 2273933 a prime number?
False
Is 270513331 prime?
False
Is 2927193 prime?
False
Is 533910158 a composite number?
True
Is 1914883 prime?
True
Is 38119006 a prime number?
False
Is 672527 a prime number?
False
Is 32950129 prime?
True
Is 96638987 a prime number?
False
Is 4100771 a prime number?
False
Is 430568198 prime?
False
Is 1143887 a composite number?
False
Is 80684137 a composite number?
False
Is 118487 a composite number?
True
Is 7035341 a prime number?
True
Is 12753277 composite?
False
Is 40465561 composite?
False
Is 24393481 prime?
False
Is 4512683 a composite number?
True
Is 9098569 prime?
True
Is 598285 prime?
False
Is 206287721 a prime number?
False
Is 2943323 composite?
False
Is 118286417 prime?
False
Is 144978391 composite?
False
Is 66227261 a composite number?
True
Is 98200769 prime?
True
Is 1408529 prime?
True
Is 21441113 composite?
False
Is 23999297 composite?
True
Is 18688037 a prime number?
True
Is 15568411 a composite number?
False
Is 502321 composite?
False
Is 16613791 prime?
True
Is 77928313 a prime number?
True
Is 36445969 a prime number?
False
Is 3549619 a composite number?
False
Is 103415467 a composite number?
False
Is 52408801 composite?
True
Is 14388457 prime?
False
Is 31197967 a prime number?
True
Is 42641 a prime number?
True
Is 33410603 composite?
True
Is 9255811 a prime number?
True
Is 16377899 prime?
False
Is 1027403 prime?
False
Is 8215001 a composite number?
False
Is 623417 a composite number?
False
Is 56052011 a prime number?
True
Is 1346591 a prime number?
True
Is 2749067 a prime number?
True
Is 2418509 composite?
False
Is 496049 a prime number?
False
Is 22098407 a prime number?
False
Is 155769167 composite?
False
Is 8429327 a composite number?
True
Is 1769017 a prime number?
True
Is 23935319 prime?
True
Is 2777017 composite?
True
Is 645019 a prime number?
True
Is 722073271 a prime number?
False
Is 3618803 a composite number?
False
Is 2354153 composite?
False
Is 477301 composite?
True
Is 111991 composite?
True
Is 1105997 prime?
True
Is 4144027 prime?
False
Is 67387457 a composite number?
False
Is 9674395 a prime number?
False
Is 465967 composite?
True
Is 140216047 composite?
False
Is 2233741 prime?
False
Is 108051257 composite?
True
Is 28651091 a composite number?
True
Is 100939547 a prime number?
True
Is 6217433 a prime number?
False
Is 7200929 a prime number?
False
Is 67431941 composite?
False
Is 1072489 a prime number?
False
Is 7649182 composite?
True
Is 526130049 a prime number?
False
Is 4182251 prime?
False
Is 2974817 a prime number?
True
Is 20813062 prime?
False
Is 237535973 a prime number?
False
Is 11305711 composite?
True
Is 231077359 a prime number?
True
Is 18907153 a prime number?
True
Is 449741 prime?
True
Is 305211827 composite?
False
Is 23989613 a prime number?
True
Is 4332743 composite?
False
Is 299582111 a prime number?
True
Is 98249363 a composite number?
False
Is 2460263 a composite number?
True
Is 4177123 a composite number?
False
Is 20263741 composite?
False
Is 70661761 prime?
True
Is 26351747 a composite number?
False
Is 3439403 prime?
False
Is 2410483 a composite number?
False
Is 85940513 composite?
True
Is 32642537 a composite number?
True
Is 431293 composite?
True
Is 1437367 a prime number?
False
Is 968209 prime?
False
Is 27833459 a prime number?
False
Is 50841863 a prime number?
True
Is 22209011 prime?
False
Is 14610457 a prime number?
False
Is 185756227 composite?
True
Is 16661 composite?
False
Is 266939 a prime number?
False
Is 5510849 a prime number?
True
Is 1428611 prime?
False
Is 6436577 a composite number?
True
Is 1036306 composite?